se
Is 235 a factor of 73533?
False
Does 3 divide 255?
True
Is 77577 a multiple of 64?
False
Does 8 divide 3320?
True
Is 9 a factor of 1377?
True
Does 17 divide 4165?
True
Does 13 divide 758?
False
Is 5 a factor of 20310?
True
Is 8 a factor of 331?
False
Is 13692 a multiple of 12?
True
Is 2115 a multiple of 5?
True
Is 2433 a multiple of 51?
False
Does 42 divide 2056?
False
Is 7312 a multiple of 12?
False
Is 35 a factor of 1365?
True
Is 41 a factor of 615?
True
Does 74 divide 2914?
False
Is 49 a factor of 539?
True
Is 6 a factor of 31?
False
Is 6503 a multiple of 12?
False
Is 86 a factor of 5743?
False
Is 30 a factor of 4620?
True
Is 1968 a multiple of 4?
True
Is 5378 a multiple of 4?
False
Is 22 a factor of 34?
False
Is 7 a factor of 10470?
False
Does 14 divide 1368?
False
Does 60 divide 4649?
False
Is 100 a factor of 5600?
True
Does 192 divide 63168?
True
Is 73 a factor of 54291?
False
Is 567 a multiple of 41?
False
Is 26 a factor of 53612?
True
Does 62 divide 434?
True
Does 9 divide 24435?
True
Is 61398 a multiple of 162?
True
Does 7 divide 264?
False
Is 4 a factor of 196?
True
Is 17 a factor of 412?
False
Does 16 divide 672?
True
Is 3 a factor of 132?
True
Does 12 divide 1380?
True
Is 1229 a multiple of 8?
False
Is 2 a factor of 1251?
False
Is 55223 a multiple of 49?
True
Is 497 a multiple of 38?
False
Is 3393 a multiple of 13?
True
Is 5 a factor of 4700?
True
Does 13 divide 86?
False
Is 5803 a multiple of 7?
True
Is 150 a factor of 3604?
False
Is 9 a factor of 8085?
False
Is 17123 a multiple of 60?
False
Is 30 a factor of 840?
True
Is 8595 a multiple of 15?
True
Is 5 a factor of 129?
False
Is 4368 a multiple of 131?
False
Is 6 a factor of 140?
False
Is 35 a factor of 105?
True
Does 88 divide 566?
False
Is 10 a factor of 3260?
True
Is 35726 a multiple of 94?
False
Is 6 a factor of 249?
False
Is 12816 a multiple of 16?
True
Is 472 a multiple of 59?
True
Does 38 divide 2564?
False
Does 6 divide 1230?
True
Does 75 divide 43481?
False
Is 50 a factor of 30950?
True
Is 10 a factor of 32440?
True
Is 72 a factor of 4320?
True
Does 70 divide 1750?
True
Is 70 a multiple of 3?
False
Is 40 a factor of 2195?
False
Is 54 a factor of 8708?
False
Is 16530 a multiple of 110?
False
Does 12 divide 417?
False
Is 10 a factor of 740?
True
Is 39 a factor of 683?
False
Is 946 even?
True
Is 82669 a multiple of 14?
False
Does 26 divide 4680?
True
Does 18 divide 2178?
True
Does 8 divide 320?
True
Is 13 a factor of 7746?
False
Is 10035 a multiple of 5?
True
Does 38 divide 1444?
True
Is 1675 a multiple of 67?
True
Is 3 a factor of 3015?
True
Is 8 a multiple of 8?
True
Is 46 a factor of 7958?
True
Does 13 divide 104?
True
Is 14688 a multiple of 4?
True
Is 292 a multiple of 80?
False
Does 39 divide 936?
True
Is 107 a factor of 2247?
True
Is 6 a factor of 155?
False
Does 3 divide 411?
True
Does 37 divide 2168?
False
Is 124 a multiple of 31?
True
Is 110 a multiple of 10?
True
Is 1145 a multiple of 6?
False
Does 111 divide 1665?
True
Is 292 a multiple of 146?
True
Is 17 a factor of 5826?
False
Is 15876 a multiple of 21?
True
Does 9 divide 513?
True
Is 77 a factor of 1461?
False
Is 49149 a multiple of 127?
True
Does 11 divide 1303?
False
Is 83 a factor of 5561?
True
Is 66 a factor of 1122?
True
Does 22 divide 660?
True
Is 140 a factor of 10220?
True
Does 64 divide 61067?
False
Is 789 a multiple of 15?
False
Is 103 a factor of 6283?
True
Is 9880 a multiple of 12?
False
Is 6 a factor of 11177?
False
Does 6 divide 215?
False
Does 18 divide 36?
True
Does 21 divide 255?
False
Does 9 divide 1179?
True
Does 9 divide 1674?
True
Is 62 a factor of 3782?
True
Does 18 divide 14202?
True
Is 1574 a multiple of 26?
False
Does 54 divide 10972?
False
Does 81 divide 24055?
False
Does 96 divide 49824?
True
Is 40 a factor of 54120?
True
Does 30 divide 15714?
False
Does 7 divide 63?
True
Does 27 divide 2214?
True
Is 23108 a multiple of 95?
False
Is 3 a factor of 14?
False
Is 18 a factor of 3168?
True
Is 28416 a multiple of 222?
True
Does 19 divide 7543?
True
Is 56 a factor of 501?
False
Is 25860 a multiple of 15?
True
Is 8 a factor of 400?
True
Does 119 divide 4998?
True
Is 270 a multiple of 54?
True
Does 137 divide 137?
True
Is 76 a multiple of 6?
False
Is 28424 a multiple of 152?
True
Is 126 a factor of 3460?
False
Does 6 divide 27?
False
Is 7789 a multiple of 86?
False
Does 32 divide 4339?
False
Is 76 a factor of 8056?
True
Does 11 divide 149?
False
Does 2 divide 52?
True
Is 17160 a multiple of 165?
True
Is 677 a multiple of 27?
False
Is 14049 a multiple of 7?
True
Does 284 divide 65604?
True
Does 60 divide 70894?
False
Is 1100 a multiple of 44?
True
Is 1692 a multiple of 4?
True
Is 2390 a multiple of 5?
True
Is 52 a factor of 3111?
False
Is 2475 a multiple of 15?
True
Is 33 a factor of 66?
True
Does 28 divide 4004?
True
Does 86 divide 34142?
True
Does 15 divide 12796?
False
Is 11321 a multiple of 7?
False
Is 11 a factor of 88923?
False
Is 21 a factor of 464?
False
Does 19 divide 353?
False
Is 5427 a multiple of 27?
True
Is 15 a factor of 258?
False
Is 5 a factor of 50?
True
Is 11771 a multiple of 223?
False
Is 33 a factor of 113549?
False
Does 7 divide 1109?
False
Is 50 a factor of 9345?
False
Is 840 a multiple of 42?
True
Is 12 a factor of 3899?
False
Is 481 a multiple of 15?
False
Is 9232 a multiple of 23?
False
Does 72 divide 720?
True
Is 196 a factor of 28616?
True
Is 271 a multiple of 19?
False
Is 9 a factor of 4734?
True
Does 5 divide 3313?
False
Does 50 divide 60848?
False
Is 1798 a multiple of 31?
True
Is 82 a factor of 37540?
False
Is 1484 a multiple of 81?
False
Does 49 divide 8545?
False
Is 18 a factor of 284?
False
Is 130 a multiple of 10?
True
Does 28 divide 313?
False
Does 8 divide 8695?
False
Is 10580 a multiple of 46?
True
Is 19 a factor of 11726?
False
Is 11 a factor of 18227?
True
Is 46800 a multiple of 195?
True
Is 5083 a multiple of 17?
True
Does 19 divide 228?
True
Is 26285 a multiple of 167?
False
Does 116 divide 5564?
False
Is 21 a factor of 26040?
True
Does 9 divide 129995?
False
Is 10 a factor of 3430?
True
Is 32 a factor of 910?
False
Does 37 divide 341?
False
Is 75 a factor of 30900?
True
Is 2660 a multiple of 6?
False
Does 12 divide 906?
False
Is 1386 a multiple of 14?
True
Is 9575 a multiple of 82?
False
Is 224 a multiple of 19?
False
Does 29 divide 31414?
False
Is 63 a factor of 15435?
True
Is 16 a factor of 3865?
False
Is 256 a multiple of 23?
False
Is 48 a factor of 1137?
False
Is 3116 a multiple of 82?
True
Is 55 a factor of 605?
True
Does 11 divide 52?
False
Does 41 divide 8200?
True
Is 76 a factor of 877?
False
Is 94 a factor of 12922?
False
Does 16 divide 1681?
False
Is 26 a factor of 311?
False
Does 256 divide 43588?
False
Is 7 a factor of 12768?
True
Is 104 a factor of 5096?
True
Does 35 divide 90512?
False
Is 26 a factor of 1783?
False
Is 14575 a multiple of 53?
True
Does 45 divide 7096?
False
Does 2 divide 135?
False
Is 485 a multiple of 25?
False
Does 6 divide 3047?
False
Is 637 a multiple of 13?
True
Is 17 a factor of 102?
True
Is 7032 a multiple of 12?
True
Is 13 a factor of 3540?
False
Does 53 divide 41181?
True
Is 33 a factor of 7557?
True
Is 256 a multiple of 64?
True
Does 141 divide 31302?
True
Does 4 divide 299?
False
Is 11 a factor of 2706?
True
Is 4712 a multiple of 38?
True
Is 5 a factor of 7456?
False
Is 73346 a multiple of 346?
False
Does 67 divide 3283?
True
Is 22 a factor of 16708?
False
Is 45 a factor of 1484?
False
Is 14790 a multiple of 255?
True
Does 22 divide 1606?
True
Is 1603 a multiple of 76?
False
Is 46 a factor of 690?
True
Does 28 divide 1969?
False
Does 232 divide 35395?
False
Is 5 a factor of 1660?
True
Is 13 a factor of 533?
True
Is 26 a factor of 814?
False
Is 29245 a multiple of 8?
False
Is 79 a factor of 161?
False
Is 74 a factor of 43337?
False
Is 24 a factor of 1056?
True
Is 5 a factor of 56353?
False
Is 14 a factor of 3130?
False
Is 5 a factor of 1081?
False
Is 96 a multiple of 8?
True
Does 20 divide 431?
False
Does 11 divide 7153?
False
Does 27 divide 13581?
True
Is 15 a factor of 120?
True
Is 16 a factor of 1019?
False
Does 11 divide 13233?
True
Is 20 a factor of 1080?
True
Is 21 a factor of 85029?
True
Does 48 divide 8485?
False
Is 36 a factor of 6544?
False
Is 11253 a multiple of 93?
True
Does 35 divide 153?
F